{"id":160985,"date":"2026-04-24T08:36:20","date_gmt":"2026-04-24T06:36:20","guid":{"rendered":"https:\/\/www.golfe-sainttropez-tourisme.fr\/it\/fiche-apidae\/fete-de-leurope\/"},"modified":"2026-04-25T04:50:07","modified_gmt":"2026-04-25T02:50:07","slug":"fetons-leurope-a-la-garde-freinet","status":"publish","type":"apidae","link":"https:\/\/www.golfe-sainttropez-tourisme.fr\/it\/fiche-apidae\/fetons-leurope-a-la-garde-freinet\/","title":{"rendered":"F\u00eatons l&#8217;Europe \u00e0 La Garde Freinet"},"content":{"rendered":"<p>Venite a scoprire le vostre specialit\u00e0 culinarie europee e ad assaggiare altri piatti preparati dagli abitanti del Gard nell&#8217;ambito della Festa dell&#8217;Europa.<br \/>\nBevande fornite dal Comune.<\/p>\n","protected":false},"author":1,"featured_media":161140,"template":"","apidae_type":[122],"apidae_selection":[145,228],"apidae_city":[108],"class_list":["post-160985","type-apidae","status-publish","has-post-thumbnail","hentry","apidae_type-fete_et_manifestation","apidae_selection-145","apidae_selection-228","apidae_city-la-garde-freinet"],"acf":[],"_links":{"self":[{"href":"https:\/\/www.golfe-sainttropez-tourisme.fr\/it\/wp-json\/wp\/v2\/apidae\/160985","targetHints":{"allow":["GET"]}}],"collection":[{"href":"https:\/\/www.golfe-sainttropez-tourisme.fr\/it\/wp-json\/wp\/v2\/apidae"}],"about":[{"href":"https:\/\/www.golfe-sainttropez-tourisme.fr\/it\/wp-json\/wp\/v2\/types\/apidae"}],"author":[{"embeddable":true,"href":"https:\/\/www.golfe-sainttropez-tourisme.fr\/it\/wp-json\/wp\/v2\/users\/1"}],"version-history":[{"count":2,"href":"https:\/\/www.golfe-sainttropez-tourisme.fr\/it\/wp-json\/wp\/v2\/apidae\/160985\/revisions"}],"predecessor-version":[{"id":161139,"href":"https:\/\/www.golfe-sainttropez-tourisme.fr\/it\/wp-json\/wp\/v2\/apidae\/160985\/revisions\/161139"}],"wp:featuredmedia":[{"embeddable":true,"href":"https:\/\/www.golfe-sainttropez-tourisme.fr\/it\/wp-json\/wp\/v2\/media\/161140"}],"wp:attachment":[{"href":"https:\/\/www.golfe-sainttropez-tourisme.fr\/it\/wp-json\/wp\/v2\/media?parent=160985"}],"wp:term":[{"taxonomy":"apidae_type","embeddable":true,"href":"https:\/\/www.golfe-sainttropez-tourisme.fr\/it\/wp-json\/wp\/v2\/apidae_type?post=160985"},{"taxonomy":"apidae_selection","embeddable":true,"href":"https:\/\/www.golfe-sainttropez-tourisme.fr\/it\/wp-json\/wp\/v2\/apidae_selection?post=160985"},{"taxonomy":"apidae_city","embeddable":true,"href":"https:\/\/www.golfe-sainttropez-tourisme.fr\/it\/wp-json\/wp\/v2\/apidae_city?post=160985"}],"curies":[{"name":"wp","href":"https:\/\/api.w.org\/{rel}","templated":true}]}}

Fêtons l&#8217;Europe à La Garde Freinet

<p>Venite a scoprire le vostre specialità culinarie europee e ad assaggiare altri piatti preparati dagli abitanti del Gard nell&#8217;ambito della Festa dell&#8217;Europa.<br />
Bevande fornite dal Comune.</p>
