{"id":161055,"date":"2026-04-21T21:10:07","date_gmt":"2026-04-21T19:10:07","guid":{"rendered":"https:\/\/www.golfe-sainttropez-tourisme.fr\/it\/fiche-apidae\/exposition-entre-ciel-et-terre-de-gerard-simonet-de-laborie\/"},"modified":"2026-04-28T02:40:40","modified_gmt":"2026-04-28T00:40:40","slug":"exposition-entre-ciel-et-terre-de-gerard-simonet-de-laborie","status":"publish","type":"apidae","link":"https:\/\/www.golfe-sainttropez-tourisme.fr\/it\/fiche-apidae\/exposition-entre-ciel-et-terre-de-gerard-simonet-de-laborie\/","title":{"rendered":"Exposition &#8220;Entre ciel et terre&#8221; de G\u00e9rard SIMONET DE LABORIE"},"content":{"rendered":"<p>Gli artisti sono spesso considerati delle teste d&#8217;aria. Ed \u00e8 vero, spesso hanno la testa tra le nuvole! Perch\u00e9? vi chiederete. Probabilmente perch\u00e9 ricordano che un giorno, molto presto, una fata si \u00e8 chinata sulla loro culla. Cos\u00ec, per tutta la vita, cercano di trovarla e di sedurla con le loro creazioni. \u00c8 l&#8217;unica spiegazione razionale possibile.<\/p>\n","protected":false},"author":1,"featured_media":161056,"template":"","apidae_type":[122],"apidae_selection":[128,145],"apidae_city":[108],"class_list":["post-161055","type-apidae","status-publish","has-post-thumbnail","hentry","apidae_type-fete_et_manifestation","apidae_selection-128","apidae_selection-145","apidae_city-la-garde-freinet"],"acf":[],"_links":{"self":[{"href":"https:\/\/www.golfe-sainttropez-tourisme.fr\/it\/wp-json\/wp\/v2\/apidae\/161055","targetHints":{"allow":["GET"]}}],"collection":[{"href":"https:\/\/www.golfe-sainttropez-tourisme.fr\/it\/wp-json\/wp\/v2\/apidae"}],"about":[{"href":"https:\/\/www.golfe-sainttropez-tourisme.fr\/it\/wp-json\/wp\/v2\/types\/apidae"}],"author":[{"embeddable":true,"href":"https:\/\/www.golfe-sainttropez-tourisme.fr\/it\/wp-json\/wp\/v2\/users\/1"}],"version-history":[{"count":1,"href":"https:\/\/www.golfe-sainttropez-tourisme.fr\/it\/wp-json\/wp\/v2\/apidae\/161055\/revisions"}],"predecessor-version":[{"id":161094,"href":"https:\/\/www.golfe-sainttropez-tourisme.fr\/it\/wp-json\/wp\/v2\/apidae\/161055\/revisions\/161094"}],"wp:featuredmedia":[{"embeddable":true,"href":"https:\/\/www.golfe-sainttropez-tourisme.fr\/it\/wp-json\/wp\/v2\/media\/161056"}],"wp:attachment":[{"href":"https:\/\/www.golfe-sainttropez-tourisme.fr\/it\/wp-json\/wp\/v2\/media?parent=161055"}],"wp:term":[{"taxonomy":"apidae_type","embeddable":true,"href":"https:\/\/www.golfe-sainttropez-tourisme.fr\/it\/wp-json\/wp\/v2\/apidae_type?post=161055"},{"taxonomy":"apidae_selection","embeddable":true,"href":"https:\/\/www.golfe-sainttropez-tourisme.fr\/it\/wp-json\/wp\/v2\/apidae_selection?post=161055"},{"taxonomy":"apidae_city","embeddable":true,"href":"https:\/\/www.golfe-sainttropez-tourisme.fr\/it\/wp-json\/wp\/v2\/apidae_city?post=161055"}],"curies":[{"name":"wp","href":"https:\/\/api.w.org\/{rel}","templated":true}]}}

Exposition &#8220;Entre ciel et terre&#8221; de Gérard SIMONET DE LABORIE

<p>Gli artisti sono spesso considerati delle teste d&#8217;aria. Ed è vero, spesso hanno la testa tra le nuvole! Perché? vi chiederete. Probabilmente perché ricordano che un giorno, molto presto, una fata si è chinata sulla loro culla. Così, per tutta la vita, cercano di trovarla e di sedurla con le loro creazioni. È l&#8217;unica spiegazione razionale possibile.</p>
